2 + 64
8
What is 1 + -12 + -4 - (-107 - (21 - 23)) - -9?
99
7 + -6 - (10 + 5 + -2 + 8) - -4
-16
Evaluate -75 + (87 - 3) - (1 + 30).
-22
15 + 0 + (26 - -1 - 36) + 13
19
Calculate 11 - (14 - ((28 - 104) + 19)).
-60
What is the value of 0 + 12 + (-131 - (-47 - 53))?
-19
Evaluate -19 + (45 - -8) + 0.
34
What is -6 + 54 + -41 + 26 + 3 + -10?
26
What is 25 + -5 - (17 + 9) - (-32 + 4 - -5)?
17
What is (-25 - 35 - -31) + 29 - 76?
-76
What is 0 + 27 - (641 + -620)?
6
What is the value of 23 - (-11 + (-5 + 17 - -6))?
16
What is (61 - (12 + 27)) + (-15 + 7 - 62)?
-48
What is the value of -2 + 15 - (-5 + -12 + 84 + -3)?
-51
What is the value of 2 + 6 + 1 - (80 + -277 - -201)?
5
Evaluate -9 + (-58 - (-74 - -29)).
-22
What is 7 - (-22 - (33 - (11 - -16)))?
35
Evaluate (-10 - 1 - (-21 + 9)) + -10.
-9
What is (-7 - -23 - 5) + (3 - 16) + 7 - 33?
-28
What is 0 - (4 + (1 - (2 - (-4 + -1)))) - 43?
-41
5 - (30 + -12 + 11) - 13
-37
What is the value of -89 + 83 + -4 + -1 + (9 - 4 - 28)?
-34
What is -1 - -22 - (45 - (56 + -37))?
-5
Calculate (12809 - 12866) + (102 - -1).
46
-40 + (-3 + -1 - (6 + (-24 - (1 - 6))))
-31
Calculate (-1 - -64) + (1672 - 1786).
-51
Calculate (427 - 511) + 120 + -2.
34
(-7 - ((8 - 7) + -16)) + (-135 + 24 - -21)
-82
What is the value of 50 + -110 + -3 + (-9 - (0 - 4)) + 7?
-61
Evaluate (47 - (14 + -6 + 1 - 7)) + -8 + 1.
38
164 - (112 + 92 + -129)
89
Evaluate (-22 - 12) + (-65 - -28).
-71
90 + -54 + ((0 - 0) + 3 - 18)
21
-152 - -230 - (160 - -2) - (1 - (0 - 0))
-85
2 - (19 - (29 - 23) - 39)
28
What is the value of 89 - ((1 - 26) + 9)?
105
What is (-100 - -68) + 47 + -84?
-69
What is -3 - (-2 - 2) - (-45 + 38 + 31)?
-23
Evaluate 5 + -67 + 23 + 28.
-11
Calculate (-321 - -341 - (-2 - -17) - (-1 - 3)) + 33.
42
3 + (-3 - 3) - (19 + -22 - -8)
-8
What is 37 - 22 - (-8 - (3 + (2 - 49)))?
-21
Evaluate 20 + -2 - (-22 + -40 + 82).
-2
Evaluate (30 - 7) + -28 - (-1 + -1 - -21) - 10.
-34
Evaluate 78 + 3 + (227 - 239) + 1 + 0 + 3.
73
21 - (24 - 33 - 26)
56
What is the value of (-29 - -19 - (2 + -9)) + 8 + -5 + 8?
8
Calculate 0 + -1 + 29 + -182 + (335 - 148).
33
Evaluate -4 + 0 + 1 + -1 - (255 + -341).
82
2 + 48 + 0 + (-267 - -261)
44
Evaluate -1 + 9 + -17 + (-10 + 7 - 11) - 12.
-35
-6412 + 6350 - (1 - 172)
109
Calculate 52 + (-7 - 14) + -93.
-62
What is the value of -11 - (-46 + (11 - -52) - (1 - -16))?
-11
Calculate 1 + -2 + (-1 - -3 - (72 + -72) - 11).
-10
What is the value of -7 + -20 - (-141 - -109)?
5
What is -103 + 12 + (64 - 72) + 7 + 1 + -13?
-104
What is (103 - 63) + -52 - -27?
15
-130 + (91 - -1) - -56
18
Evaluate -3 + -25 - (-81 + 11).
42
What is -57 + ((-18 - 26) + 4 - -8)?
-89
What is (-39 - ((10 - 0) + -19)) + -1 + -5?
-36
What is the value of (29 - 14) + 1 + -22 + -21?
-27
Evaluate (11 + -10 - 11 - (6 - 2)) + -38.
-52
1 - (-6 + 17) - (0 - 12) - (54 - -5)
-57
What is -44 + (3 - 0) - (13 + -23 - (4 + -9))?
-36
What is (1 - -7) + 62 - ((-190 - -207) + (-1 - 9))?
63
Calculate 178 + -60 + 91 - 154.
55
What is -50 - -163 - 81 - (0 + (4 - 2 - 6))?
36
Calculate -10 - (-2 + -31) - (2 + 10).
11
Evaluate -4 + (36 - 1) + (-48 - -58) - 16.
25
-10 + (126 - 10 - (-1 - -1 - 8)) + 8
122
181 - ((286 - 85) + -41)
21
-17 - (-3 + -2 + 3 + -5 + (-1933 - -1943))
-20
Evaluate -11 - ((3 + 0 - 20 - -2) + (0 - -7)).
-3
Evaluate (0 - -1) + -56 + 2272 + -2254.
-37
Evaluate 42 + (21 - -32) + -160.
-65
(28 - 16) + (-2 + -12 - -50)
48
(-18 + (7 - 7) - 12) + -9 + 3 + -4
-40
9 + (6 - 24) + 15 + (0 - -10)
16
Calculate -11 - (11 - (21 - (0 + -3 - -6))).
-4
Evaluate (-9 - -1) + (-2 - -74) + 12 + -49.
27
What is (35 - (4 + 41)) + (6 - 6) + -5?
-15
What is 17 + (-2 - -2) + (111 - (-13 + 54))?
87
(11 + -4 - -1) + (12 - 7) - 14
-1
-55 - (-86 + 124 + -49)
-44
-5138 - -5168 - ((0 - -2) + 0)
28
What is 109 - -2 - (-4441 + 4635)?
-83
Calculate 53 + -74 + -13 + -11.
-45
What is the value of 202 + -25 + 9 - 89?
97
0 + -22 + (112 - 22) + 22 + 17
107
(10 + -159 - -61) + 36
-52
Calculate 50 - -38 - (-4 - (4 + 1 + -2 + -6)).
89
Evaluate (-49 - -6) + -1 + (-2 - 11) + 15 + -7.
-49
Calculate (26 + -24 - (-20 + 105)) + 24 + -6.
-65
What is (-343 - -336) + (0 - ((3 - 5) + 11))?
-16
Evaluate (47 - (-17 + 6)) + -13.
45
Evaluate (-93 - -104) + (34 - -3).
48
Evaluate 53 + -77 + -14 + 99.
61
What is the value of 76 + 35 + (-60 - 57)?
-6
Calculate 1 + (43 - (1 + (17 - 22) + (-2 - 2))).
52
Calculate -1977 - -2036 - (0 - -79).
-20
35 - 51 - (-279 - -309)
-46
What is the value of (1844 - 1875) + (27 - 0)?
-4
-6 - (-3 + (6 - -5) + -10 - -35)
-39
23 + 0 + -13 + 17 + -18
9
What is (-20 - (-12 + 7 + -6)) + (-9 - (-3 + 2))?
-17
Evaluate 113 - ((-113 - -120) + (14 - (-8 - -3))).
87
Evaluate 4 - (-9 + -1 + 0 - -10 - (-2 - -16)).
18
Evaluate (61 + 15 - -6) + -63.
19
Evaluate (-26 - -31 - 109) + -28 + (-1 + 2 - -12).
-119
Calculate 138 + 30 + -90 + 36 + 40.
154
What is the value of (7 - (8 - 7)) + (98 - 128)?
-24
Calculate (-14 - -10) + 22 + -22.
-4
Evaluate (-52 - -27) + 11 - (2 + 10).
-26
Calculate (2 + -23 - 16) + (17 - 19).
-39
What is the value of -147 + -4 + (2 - 0) + (-135 - -126) + 19?
-139
What is the value of -146 - (36 + -132 - 121)?
71
-43 + (-2 - (18 + -28 + 5) - 17)
-57
What is the value of -11 + (11 - 56 - -9)?
-47
What is the value of -12 - (2 + 3 - (105 + -45))?
43
64 + 0 - (-58 + 36 + -18 - -43)
61
Evaluate 17 - ((-1740 - -1731) + (-1 - (-12 - 0))).
15
50 - (23 + 91) - (-15 - -1)
-50
What is -36 + (7 - 7) + -15 + 7 + 17?
-27
What is -35 - (-13 - 34) - 59?
-47
-170 + (-41 - -34) + 59
-118
-18 + 20 + 5 - (-1 - (-30 - -7))
-15
72 - (80 - (8 - -34))
34
Calculate (151 - (205 + -46)) + (1 - -39).
32
Calculate 13 + -40 - -21 - (9 - 2).
-13
4 - (-79 + (-6 - 11) + 13 + -12)
99
-37 + 0 - -5 - (-514 - -498)
-16
Calculate -50 + 39 + (16 + (1 - 1) - -5) - -116.
126
Evaluate (-3 - -8) + -3 + -11 + (-59 + 29 - 15).
-54
What is the value of 0 + 6 - (20 - (-22 + 11 - -21))?
-4
What is the value of (20 - -4) + -62 - 20?
-58
11 + 3 - (2 + -5 - -2) - (21488 - 21600)
127
What is the value of -43 - 2 - (11 - 1) - (-48 + 42)?
-49
Calculate (23 - 31) + -28 + -3 + -11.
-50
Calculate 2 + (-6 + -10 + 3 + 7 - -20).
16
What is the value of (-2 - 6) + (20 - 39 - -2 - -22)?
-3
What is -169 - -162 - ((-66 - -3) + 5)?
51
What is -5 - -65 - (3 + 3 + 1) - (-182 - -192)?
43
3 + -3 + -188 + 207 + 2 + -49
-28
What is -67 + -21 + 70 + 20 + 0 - 37?
-35
Evaluate (27 + -32 - -3) + (3 - (-26 - -6)).
21
(1 - -36 - -29) + -67
-1
What is the value of -119 + 75 + (-23 - (9 - 8))?
-68
Evaluate -4 + 1 + -302 + 330 + 10.
35
Evaluate (-9 - -34) + 41 + -19 + 1.
48
What is the value of -110 - (17 - (122 + -39))?
-44
Evaluate -537 + 521 + (-28 - (3 - 0)) + 17.
-30
(1 + (-3 - -3) - (41 + -29)) + 20 + 33
42
-69 - (3 - (9 - -2 - -21)) - (-5 + 1)
-36
What is 27 - ((-6 - 6) + (20 - 11))?
30
Calculate -17 + (13 - (11 - (-5 + 8 + (3 - -3)))).
-6
Calculate -47 - -43 - -79 - 80.
-5
-7 + 6 - (47 - (78 + -43) - (-2 + 14))
-1
Calculate 22 + 15 + (-84 + 26 - -4).
-17
What is the value of -9 + 1 - (11 + (-11 - (-11 - -10)) + 1)?
-10
Evaluate (27 - 0 - (47 + -2 + -27)) + 0 + -2.
7
21 + -21 - ((10 - -3) + -3 - (42 + -37))
-5
What is the value of (-15 - -57) + 16 + -84 + 124?
98
Evaluate 5 + -3 + (5 + (-64 - (-5 - -2)) - 0).
-54
Evaluate (-7 + 9 - -3 - 15) + (1 - 2).
-11
Evaluate -50 - (-3 + (15 + 1 - (-14 - (13 - 35)))).
-55
What is the value of 318 + -187 + (-1 - 85)?
45
What is -1 - 0 - (43 - 0 - (1308 - 1345))?
-81
Calculate 35 + 11 + -26 + (13 - 36).
-3
What is 18 - 68 - -33 - (3 - (0 - -1))?
-19
127 + 2 - (-14 + 10) - (-1050 + 1054) - -8
137
Calculate -24 - (-60 + -24 + 151).
-91
555 + -554 - (0 - (2 + 0)) - (22 - -1)
-20
Evaluate 18 + 1 + (35 + -143 - -32).
-57
(0 - -95) + 1 + (53 - -6 - (131 + -58))
82
What is the value of (2 - 14) + (-332 + 404 - (-3 - (1 + -8)))?
56
Calculate (40 - (28 + 4)) + -73.
-65
What is -16 - (-31 - (-18 + -6)) - 10?
-19
What is (8 - 0) + 21 + (-17 - 58)?
-46
What is 20 + 1 + 34 + (-166 - -70)?
-41
Calculate -25 - (-7 - -2 - (38 + (-231 - -65))).
-148
Evaluate 33 - (7 + (116 - 102)).
12
Evaluate -62 + (-80 - -154) - (-1 - 1).
14
Evaluate -2 + -21 + 34 + -5 - (-59 - 1).
66
What is the value of -14 + -90 + 5 - -30?
-69
What is the value of (-8 - (-4 - 9)) + 25 + -23 - 18 - -21?
10
What is 18 + (-8 - -1) + -19 - (3 - -34)?
-45
-36 